 Is (6/9)/(n/69) prime?
True
Suppose -717 = -11*c + 581. Is c composite?
True
Suppose -l - 2*q + 10 - 44 = 0, -l - 49 = -q. Let d = l + 81. Is d a prime number?
True
Is (5/(-10))/(5/(-21790)) a composite number?
False
Is 879/(-2)*4/(-6) a prime number?
True
Let t = 1 + 2. Suppose d = -d + t*n + 91, 0 = 5*d + 4*n - 285. Is d composite?
False
Suppose -p - 3*m = 0, -2*p + 5*m = p. Suppose p = -2*d - d - 12. Is 38*(6/d + 2) a composite number?
False
Suppose -s = 2*i + 1191, 5*s - 3*s + 2382 = -5*i. Let n = -272 - s. Is n a prime number?
True
Suppose -32*c - 782 = -34*c. Is c composite?
True
Let g = -1 - -5. Let u(y) = -7*y - 3*y + g + 0*y. Is u(-3) a composite number?
True
Let b(g) = g**3 + 14*g**2 + 11*g - 13. Let a(w) = w. Let x(f) = -2*a(f) + b(f). Let d be x(-12). Suppose 0 = -3*y - d + 668. Is y a prime number?
True
Suppose -1228 = -4*s - 0*s. Is s composite?
False
Suppose n - 5*k = 25, -2*k + 34 = n - 4*k. Suppose -x = -n - 25. Is x a composite number?
True
Let z be 1951/(-9) - 4/18. Let d = 988 + -674. Let l = d + z. Is l composite?
False
Let d(u) = -u**2 - 15*u - 4. Let m be d(-15). Let c(f) = -5 + f**3 + 4*f + f**2 - 4*f**2 + 12*f**2. Is c(m) prime?
True
Let z(b) = -8*b**2 - 3*b - 2. Let k(x) = 8*x**2 + 3*x + 3. Let y(l) = -6*k(l) - 7*z(l). Let q = 5 - 8. Is y(q) a composite number?
False
Let v(b) = -5*b - b**3 - 8*b**2 + 0*b**2 - 3*b - 1. Let i be v(-7). Is 22/i - 4/6 prime?
True
Let w(z) = 623*z**2 + 2*z + 2. Let f = 3 + -4. Is w(f) a prime number?
False
Let a(b) = 77*b**2 - 7*b - 5. Is a(-3) prime?
True
Is (-4)/(-14) - (-4164)/28 composite?
False
Let h(n) = -n**3 + 5*n**2 + 5*n + 2. Let j be h(6). Let c = 7 + j. Suppose -c*p + 97 = -o - 10, 3*p - 4*o = 113. Is p a prime number?
False
Let y(z) = 45*z - 10. Let t(p) = -90*p + 19. Let q(k) = 3*t(k) + 7*y(k). Is q(6) prime?
True
Suppose 0 = 4*x - 3*w - 512, -x - 3*w + 667 = 4*x. Is x a prime number?
True
Suppose 2*i - 25 = -3*z + 274, -3*i - 5*z + 450 = 0. Is i a composite number?
True
Suppose -5*x + 787 = 2*f, 2*x + 2*x = 4*f + 624. Is x composite?
False
Let p(v) = 9 - 2*v - 10*v - 8*v. Is p(-8) prime?
False
Let w be (4/6)/((-2)/(-12)). Suppose -155 = -v - w*v. Is v a prime number?
True
Suppose 6*c + 418 - 8584 = 0. Is c a prime number?
True
Suppose -5*h - 4560 + 1203 = 3*k, -2*k + 2 = 0. Let i = 1423 + h. Is i a prime number?
True
Let u(b) = -b**3 - 11*b**2 + 7*b - 7. Is u(-12) prime?
True
Suppose -229 + 888 = j. Is j a composite number?
False
Let g be (-2)/3 - 934/(-6). Suppose 5*a - g + 40 = 0. Is a composite?
False
Let w = -332 - -669. Is w prime?
True
Let u = 4 - 1. Suppose -u*o + 0*o = -63. Is o prime?
False
Let t(v) = -v**3 + 8*v**2 + v - 8. Let y = 0 - -8. Let f be t(y). Suppose f*q = -5*q + 95. Is q prime?
True
Let m = 36 - 23. Is m prime?
True
Let b(i) = 35*i**3 + i**2 - 2*i + 1. Let o(r) = r**3 + 5*r**2 - 7*r - 2. Let t be o(-6). Let h be (t - 2)*(-2)/(-4). Is b(h) prime?
False
Let q = 16 + -26. Let d = q - -37. Let w = -13 + d. Is w a composite number?
True
Let x be 7/((-3)/(-2 + -4)). Suppose -3*m = -71 + x. Is m prime?
True
Let a(l) = l**3 + 4*l**2 - 3*l - 17. Is a(9) prime?
True
Let o = 19 - 17. Is (-1 - o)/3 + 98 a composite number?
False
Let c(i) = 204*i**2 - 11*i - 2. Is c(3) a prime number?
True
Suppose 0 = 5*g - 3*p + 8*p + 10, 4*g - 37 = 5*p. Let o(y) = -7 - 3*y**3 - g*y**2 - 12*y + 2*y**3 - 5*y**2. Is o(-8) prime?
True
Suppose 5*b - 20 = 0, 0*j + 4*b + 12595 = j. Is j composite?
False
Let s(z) = 7*z**3 - 2*z**2 - 8*z - 22. Is s(5) prime?
False
Let w = 72 - 51. Let f be (6 - 9) + 1*33. Suppose p - f = w. Is p prime?
False
Let h(t) be the third derivative of -t**6/120 - 3*t**5/20 - 3*t**4/8 + t**3/6 + 3*t**2. Is h(-9) prime?
False
Suppose 2 - 29 = -3*b. Let a = b + 88. Is a composite?
False
Suppose 41*x = 38*x + 801. Is x a prime number?
False
Suppose -4*l = -3*j + 576 - 129, 3*l = -3*j + 447. Is j a composite number?
False
Suppose -3*g + 298 = -2*g. Let k = g + -185. Is k a composite number?
False
Let a(g) = 142*g**3 + g**2 - g + 1. Is a(1) composite?
True
Let v = 294 + 53. Is v composite?
False
Suppose -2*l = l - 30. Suppose 4*b - 3*n - l = 13, 2*b = 2*n + 12. Let c(r) = 2*r**3 - 7*r**2 - 2*r + 4. Is c(b) prime?
False
Let d = 831 + -538. Is d prime?
True
Let n(k) = -1. Let d(r) = r**2 + r - 2. Let m(o) = d(o) - 2*n(o). Let v(z) = -7*z**2 - 2*z - 1. Let a(c) = -2*m(c) - v(c). Is a(-1) composite?
True
Suppose 5*y - 67 + 462 = 5*a, -a + 81 = -2*y. Is a a composite number?
True
Let m(g) = 1 - 3*g + 0*g + 4 - 1. Is m(-5) composite?
False
Suppose 176 = -2*j + 618. Is j a prime number?
False
Let n(y) = y**3 - 6*y**2 - 9*y - 21. Is n(11) prime?
False
Is (818/(-3))/(16/12 + -2) a composite number?
False
Let z = 4109 - -1826. Is z a composite number?
True
Let y = -13 + 7. Is (110/y)/(5/(-15)) composite?
True
Let j(g) = 40*g**3 - 2*g + 1. Is j(2) a prime number?
True
Let g(w) = 5*w**2 - 3*w - 13. Is g(-6) composite?
True
Suppose p + 3*p = 8. Is (p/4)/((-2)/(-92)) prime?
True
Let m(p) be the second derivative of -p**3 - p**2/2 - p. Let z be m(-2). Let x = z + -4. Is x prime?
True
Let u(r) = 107*r**3 - r**2 + 1. Suppose 5*d - 7 = -2. Let l be u(d). Let g = l - 49. Is g a prime number?
False
Is (-8)/(-52) + 8747/13 a prime number?
True
Let v be (-4224)/(-14) + 18/63. Let s = -213 + v. Is s a prime number?
True
Let a = 11 + -5. Is a/12 - (-218)/4 a prime number?
False
Let j(g) = g**2 - 7*g - 4. Let m be j(8). Suppose -435 = -m*u + u. Is u prime?
False
Let g = 22037 - 15308. Is g a prime number?
False
Suppose 7*y - 6*y = 119. Is y prime?
False
Let y(z) = -z + 1. Let d be y(2). Is (4 - 5)/(d/11) prime?
True
Let v = -207 - -77. Is 2/(-3 - v/42) a prime number?
False
Suppose 3*z + 1353 = 6*z. Is z a composite number?
True
Let v = 612 - 343. Is v composite?
False
Let o = 3543 - 1826. Is o composite?
True
Let n be 2/(-3) - (-44)/(-6). Let x = n + 13. Let b = 20 + x. Is b prime?
False
Let i = -1 + 1. Let a = i + -2. Is 762/4 + a/(-4) a prime number?
True
Let l(c) = -c - 7. Let i be l(0). Let d = i - -9. Is d a composite number?
False
Suppose 0 = -5*j + 8 + 7, n + 2*j - 18 = 0. Let i = n - 7. Suppose -p + 24 - i = 0. Is p prime?
True
Let r(u) = -u + 7*u**3 + 3 - 6 + 3*u + 3*u**3 + u**2. Suppose -3*g - 1 + 9 = -d, 0 = 3*g - 4*d - 14. Is r(g) a prime number?
False
Let l(t) = 17*t. Let h be l(1). Suppose v = -2*w + 12 + h, -4*v + 89 = -w. Is v prime?
True
Suppose -5*u + 4 + 6 = 0. Suppose 463 = 5*h - 2*n, -4*h = u*n - 471 + 115. Is h a composite number?
True
Suppose -64 = -5*g + 3*m + 805, -344 = -2*g + 3*m. Suppose 0 = -0*c - 5*c + g. Is c a composite number?
True
Let d(f) = 127*f - 2. Is d(7) composite?
False
Let r be (1668/(-18))/(2/12). Let w = 1053 + r. Is w a composite number?
True
Suppose -8477 = -3*c - 2*c - 4*k, 0 = c + k - 1696. Is c a composite number?
False
Suppose -5*r = -5*x - 2*r - 22, x + 5*r = 18. Let m = -4 - x. Is 161/(-2)*m/1 composite?
True
Suppose 0*o - 4*o - 4 = 0. Let r be (-19)/4 + o/4. Is (-128)/r + 4/10 a composite number?
True
Let g be ((-10)/8)/((-5)/20). Let x(q) = 4*q**2 + q - 2. Is x(g) composite?
False
Let c be ((-3)/(-3))/((-2)/(-10)). Suppose -c*a = -4*a. Suppose 230 = 2*h - a*h. Is h composite?
True
Let q(u) = u. Let t be q(5). Let z be (2/5)/(2/t). Let v(d) = 79*d**2 - d + 1. Is v(z) a composite number?
False
Suppose -8*p + 4*p + 6572 = 0. Is p a composite number?
True
Let b = -2316 + 3439. Is b composite?
False
Let a = 403 + 4. Is a a composite number?
True
Let k = 2 + -3. Let f(o) = 185*o**2 + o + 1. Let s be f(k). Suppose -6*i + s = -i. Is i composite?
False
Let a(z) = z**3 - 8*z**2 + 7*z - 6. Let x be a(7). Let f be (-9)/((10/x)/(-5)). Let t = f + 76. Is t a composite number?
True
Suppose -w - r = 7, 0 = 2*w - 3*w - 2*r - 9. Suppose 2*p + 0*p = 32. Let l = w + p. Is l prime?
True
Let a(n) = 64*n**2 + 2*n - 1. Let t(f) = f**2 - 4*f - 10. Let b be t(7). Suppose r - 5 = -3*g + b, 2*r = 2*g - 8. Is a(r) prime?
False
Let o(n) = n**3 + 11*n**2 - 14*n - 5. Is o(-12) prime?
True
Let a(g) = -2*g**2 - 2. Let i be a(2). Let k be (4/i)/(1/(-5)). Suppose -3*s + s + 6 = -k*w, 17 = 4*s + w. Is s a composite number?
True
Suppose 2*f = 71 + 39. Is f a composite number?
True
Suppose -28 = -5*w + 4*q, -2*w + 12 = -2*q - 0. Suppose -3*t - 1043 = -w*t. Is t a composit